s 2065533 a composite number?
True
Is 858127 a composite number?
False
Is 143531435 a composite number?
True
Is 60105613 a prime number?
True
Is 657876247 a composite number?
True
Is 48312773 a composite number?
False
Is 3037049 a composite number?
False
Is 1180397 prime?
True
Is 217984103 composite?
False
Is 58283249 composite?
False
Is 37258801 composite?
False
Is 13644259 a prime number?
True
Is 22431899 a prime number?
False
Is 219442679 prime?
False
Is 60238687 composite?
True
Is 18069242 a prime number?
False
Is 6194663 a prime number?
True
Is 7069 composite?
False
Is 1641131321 prime?
True
Is 54504523 a composite number?
True
Is 10139069 composite?
False
Is 103574369 a composite number?
True
Is 648692259 composite?
True
Is 25431145 composite?
True
Is 168840505 a composite number?
True
Is 15942323 prime?
True
Is 26948147 a prime number?
True
Is 20417143 prime?
True
Is 99667721 composite?
False
Is 226327279 prime?
False
Is 141680369 composite?
True
Is 432962 prime?
False
Is 11995637 a composite number?
True
Is 13224391 a prime number?
True
Is 23055647 prime?
True
Is 5182811 a composite number?
False
Is 178925567 composite?
False
Is 124211 prime?
False
Is 2883065 prime?
False
Is 44149829 a composite number?
False
Is 1670693 prime?
False
Is 84277001 a composite number?
False
Is 20584085 composite?
True
Is 107694373 a prime number?
True
Is 4966823 a prime number?
False
Is 6636767 composite?
False
Is 20083937 composite?
False
Is 8966411 a prime number?
True
Is 30550291 composite?
False
Is 99605117 a composite number?
False
Is 1934151787 composite?
True
Is 50154959 a prime number?
True
Is 1532087 composite?
True
Is 101323 prime?
True
Is 260256593 a prime number?
False
Is 17179757 prime?
False
Is 5257297 prime?
False
Is 1145533 a prime number?
True
Is 11632213 prime?
True
Is 6984101 composite?
False
Is 346751111 prime?
False
Is 597055787 a prime number?
True
Is 29952443 composite?
False
Is 6229409 a composite number?
False
Is 254312147 a prime number?
True
Is 1699189 prime?
False
Is 33777449 a composite number?
False
Is 929857 composite?
True
Is 189411529 composite?
False
Is 3328421 a composite number?
True
Is 9509455 prime?
False
Is 6110177 a prime number?
False
Is 158491273 prime?
True
Is 238159118 a composite number?
True
Is 6951443 composite?
False
Is 454829 prime?
False
Is 116411563 prime?
False
Is 1687633 composite?
False
Is 103961769 composite?
True
Is 179628101 a composite number?
False
Is 23149 a composite number?
True
Is 835909 a prime number?
True
Is 10020139 a composite number?
True
Is 15637259 composite?
True
Is 12579343 composite?
True
Is 11427401 a prime number?
True
Is 344823 a prime number?
False
Is 956586611 a composite number?
False
Is 2122837 a prime number?
True
Is 12238043 composite?
False
Is 9264301 a composite number?
True
Is 296213 a prime number?
True
Is 1342819 composite?
True
Is 270735733 composite?
False
Is 1018177 a composite number?
False
Is 1866779 prime?
True
Is 4469701 a prime number?
False
Is 2480663 composite?
False
Is 2996663 prime?
True
Is 833977 a composite number?
False
Is 136588163 a prime number?
True
Is 1383236819 a composite number?
False
Is 75482291 composite?
False
Is 11238113 a prime number?
False
Is 802387 a composite number?
False
Is 1462739 prime?
True
Is 1243681 a prime number?
False
Is 2179039 a composite number?
False
Is 18272885 a prime number?
False
Is 7841099 a prime number?
False
Is 14904849 a composite number?
True
Is 315509 composite?
True
Is 39695897 prime?
False
Is 3735401 prime?
True
Is 6919093 a composite number?
False
Is 22520297 prime?
True
Is 284864677 a prime number?
True
Is 137592571 a composite number?
True
Is 105574701 prime?
False
Is 46328713 a composite number?
False
Is 4327049 a composite number?
False
Is 29016847 prime?
True
Is 382328387 a prime number?
False
Is 1851557 prime?
True
Is 498111853 prime?
True
Is 204434071 a prime number?
True
Is 23367683 a prime number?
False
Is 6734093 prime?
True
Is 18174931 prime?
False
Is 1054457 a prime number?
True
Is 19189631 prime?
True
Is 185347313 a prime number?
False
Is 11349509 a composite number?
False
Is 860009 composite?
False
Is 3379694 composite?
True
Is 1068611 a prime number?
True
Is 6589069 composite?
True
Is 59701193 a prime number?
True
Is 3116033 a composite number?
False
Is 655095613 a prime number?
False
Is 476171 a composite number?
True
Is 723551 a prime number?
True
Is 96405649 a composite number?
True
Is 3515399 composite?
True
Is 652409 a prime number?
False
Is 520981 a composite number?
False
Is 6242443 a prime number?
True
Is 68077531 composite?
True
Is 74096677 a prime number?
True
Is 17212031 a composite number?
True
Is 8205497 prime?
True
Is 5133773 composite?
False
Is 78401783 a composite number?
True
Is 565352393 composite?
False
Is 3331429 a composite number?
True
Is 182963645 composite?
True
Is 145988515 composite?
True
Is 3414947 a composite number?
False
Is 3068309 prime?
False
Is 173473 prime?
True
Is 3610603 prime?
False
Is 11490571 a prime number?
True
Is 2161961 prime?
False
Is 18303347 composite?
False
Is 350219687 a composite number?
True
Is 2260751 prime?
False
Is 4632577 composite?
False
Is 67268519 composite?
False
Is 11049433 prime?
True
Is 41693303 a prime number?
False
Is 2466223 a prime number?
True
Is 8053537 prime?
True
Is 13530653 a prime number?
True
Is 3554669 composite?
False
Is 33313101 composite?
True
Is 158749739 prime?
True
Is 155762573 a prime number?
True
Is 136404791 a prime number?
False
Is 138643 a composite number?
True
Is 7183453 composite?
False
Is 1238989 prime?
True
Is 666211817 composite?
False
Is 2135369 a composite number?
False
Is 73263301 a prime number?
True
Is 33159041 a prime number?
True
Is 10730183 a prime number?
True
Is 27384871 prime?
False
Is 7759309 composite?
False
Is 31008121 prime?
True
Is 5121791 a composite number?
False
Is 6413402 prime?
False
Is 1496371 prime?
False
Is 3213919 a prime number?
False
Is 103483517 composite?
False
Is 12035161 prime?
False
Is 3493127 a composite number?
True
Is 70905161 a prime number?
True
Is 19948937 composite?
True
Is 15567 prime?
False
Is 4968953 a composite number?
True
Is 6802449 a prime number?
False
Is 2167609 composite?
False
Is 1194707 a composite number?
False
Is 84322339 a prime number?
True
Is 16232299 composite?
False
Is 410736279 prime?
False
Is 1292671 a composite number?
True
Is 71249417 prime?
True
Is 406152083 prime?
False
Is 6849327 a prime number?
False
Is 5250103 composite?
True
Is 2404289 composite?
False
Is 36767303 a composite number?
False
Is 88247833 prime?
False
Is 333608069 a composite number?
True
Is 14898491 a composite number?
False
Is 9601 composite?
False
Is 156521539 a composite number?
False
Is 1967159 prime?
False
Is 12658229 a prime number?
False
Is 403607 a prime number?
True
Is 184169137 a composite number?
False
Is 41594329 a composite number?
True
Is 2261041 composite?
False
Is 70481893 a composite number?
False
Is 1038109731 a composite number?
True
Is 348323 a composite number?
False
Is 154409 a prime number?
True
Is 9326657 a prime number?
False
Is 157025023 a composite number?
False
Is 5623513 composite?
True
Is 30707351 prime?
True
Is 18167749 composite?
False
Is 18603409 a composite number?
True
Is 1354471 composite?
False
Is 214813 a prime number?
False
Is 1504231 a composite number?
False
Is 30542641 a composite number?
False
Is 51387509 prime?
True
Is 1231114 a composite number?
True
Is 11083979 a composite number?
True
Is 185477 prime?
True
Is 3549085 prime?
False
Is 100379443 composite?
False
Is 199999 prime?
True
Is 4915562 prime?
False
Is 31373666 a composite number?
True
Is 1071125273 composite?
True
Is 133879499 a prime number?
False
Is 90093371 composite?
False
Is 758141 prime?
True
Is 199698299 prime?
True
Is 205385 prime?
False
Is 47653267 prime?
True
Is 125537267 prime?
False
Is 283506451 a composite number?
True
Is 3085463 prime?
False
Is 5626549 a prime number?
True
Is 7172203 a prime number?
False
Is 1724291 prime?
False
Is 16022506 a prime number?
False
Is 32407283 a prime number?
True
Is 3970073 composite?
False
Is 89022991 composite?
False
Is 151605151 prime?
True
Is 4328351 a composite number?
True
Is 247494707 a composite number?
False
Is 99678